{"id":9,"date":"2020-05-22T16:24:16","date_gmt":"2020-05-22T16:24:16","guid":{"rendered":"https:\/\/themify.me\/demo\/themes\/ultra-profile\/?page_id=266"},"modified":"2022-12-14T14:37:17","modified_gmt":"2022-12-14T13:37:17","slug":"contact","status":"publish","type":"page","link":"https:\/\/gangel.in.rs\/index.php\/contact\/","title":{"rendered":"Kontakt"},"content":{"rendered":"<!--themify_builder_content-->\n<div id=\"themify_builder_content-9\" data-postid=\"9\" class=\"themify_builder_content themify_builder_content-9 themify_builder tf_clear\">\n    \t\t\t<!-- module_row -->\n\t<div  data-lazy=\"1\" class=\"module_row themify_builder_row tb_kc69976 tb_first tf_w tf_clearfix\">\n\t    \t\t\t<div class=\"row_inner col_align_middle gutter-none tb_col_count_2 tf_box tf_rel\">\n\t\t            <div  data-lazy=\"1\" class=\"module_column tb-column col4-2 tb_8h2j977 first\">\n                                                        <div class=\"tb-column-inner tf_box tf_w\">\n                        \t<div  data-lazy=\"1\" class=\"module_subrow themify_builder_sub_row tb_gs2765ec tb_ipvw450 tf_w tf_clearfix\">\n\t    \t\t\t<div class=\"subrow_inner col_align_top tb_col_count_1 tf_box tf_w\">\n\t\t            <div  data-lazy=\"1\" class=\"module_column sub_column col-full tb_8qou450 first\">\n                                                        <div class=\"tb-column-inner tf_box tf_w\">\n                        <!-- module text -->\n<div  class=\"module module-text tb_yxbz681   \" data-lazy=\"1\">\n        <div  class=\"tb_text_wrap\">\n    <h1>Kontakt<\/h1>\n<p>Nemojte biti stidljivi. Odli\u010dan sam slu\u0161alac. Uspostavimo vezu. Sve po\u010dinje negde.<\/p>    <\/div>\n<\/div>\n<!-- \/module text --><!-- module buttons -->\n<div  class=\"module module-buttons tb_g4ft681 buttons-horizontal solid  squared\" data-lazy=\"1\">\n    \t<div class=\"module-buttons-item tf_inline_b\">\n\t\t\t\t\t\t\t<a href=\"#contact-form\" class=\"ui builder_button black\" >\n\t\t\t\t\t\t\t\t\t\t\t<span class=\"tf_inline_b tf_vmiddle\">Kontakt<\/span>\n\t\t\t\t\t\t\t\t\t\t\t<\/a>\n\t\t\t    \t<\/div>\n    <\/div>\n<!-- \/module buttons -->\n                    <\/div><!-- .tb-column-inner -->\n                            <\/div><!-- .module_column -->\n            \t    <\/div><!-- .subrow_inner -->\n\t<\/div><!-- .themify_builder_sub_row -->\n\t<!-- module image -->\n<div  class=\"module module-image tb_mq8r768   image-center tf_mw hide-mobile\" data-lazy=\"1\">\n        <div class=\"image-wrap tf_rel tf_mw\">\n\t\t    <img loading=\"lazy\" decoding=\"async\" src=\"https:\/\/gangel.in.rs\/wp-content\/uploads\/2022\/12\/arrow-down-32x82-1-32x82.png\" width=\"32\" height=\"82\" class=\"wp-post-image wp-image-77\" title=\"arrow-down-32x82-1\" alt=\"arrow-down-32x82-1\">\t\n\t\t<\/div>\n\t<!-- \/image-wrap -->\n    \n    \t<\/div>\n<!-- \/module image -->                    <\/div><!-- .tb-column-inner -->\n                            <\/div><!-- .module_column -->\n                        <div  data-lazy=\"1\" class=\"module_column tb-column col4-2 tb_wepb835 last\">\n                                                        <div class=\"tb-column-inner tf_box tf_w\">\n                        <!-- module image -->\n<div  class=\"module module-image tb_aq6n247   image-top tf_mw\" data-lazy=\"1\">\n        <div class=\"image-wrap tf_rel tf_mw\">\n\t\t    <img loading=\"lazy\" decoding=\"async\" src=\"https:\/\/gangel.in.rs\/wp-content\/uploads\/2022\/12\/cotact-phone-image-824x540.jpg\" width=\"824\" height=\"540\" class=\"wp-post-image wp-image-194\" title=\"cotact-phone-image\" alt=\"cotact-phone-image\" srcset=\"https:\/\/gangel.in.rs\/wp-content\/uploads\/2022\/12\/cotact-phone-image.jpg 824w, https:\/\/gangel.in.rs\/wp-content\/uploads\/2022\/12\/cotact-phone-image-300x197.jpg 300w, https:\/\/gangel.in.rs\/wp-content\/uploads\/2022\/12\/cotact-phone-image-768x503.jpg 768w\" sizes=\"auto, (max-width: 824px) 100vw, 824px\" \/>\t\n\t\t<\/div>\n\t<!-- \/image-wrap -->\n    \n    \t<\/div>\n<!-- \/module image -->                    <\/div><!-- .tb-column-inner -->\n                            <\/div><!-- .module_column -->\n            \t    <\/div><!-- .row_inner -->\n\t<\/div><!-- .module_row -->\n\t\t\t\t<!-- module_row -->\n\t<div  data-lazy=\"1\" class=\"module_row themify_builder_row tb_dst1935 tf_w tf_clearfix\">\n\t    \t\t\t<div class=\"row_inner col_align_middle gutter-none tb_col_count_2 tf_box tf_rel\">\n\t\t            <div  data-lazy=\"1\" class=\"module_column tb-column col3-2 tb_gzdy937 first\">\n                                                        <div class=\"tb-column-inner tf_box tf_w\">\n                        \t<div  data-lazy=\"1\" class=\"module_subrow themify_builder_sub_row tb_gs2765ec tb_4nso279 tf_w tf_clearfix\">\n\t    \t\t\t<div class=\"subrow_inner col_align_top tb_col_count_2 tf_box tf_w\">\n\t\t            <div  data-lazy=\"1\" class=\"module_column sub_column col4-2 tb_gdl3282 first\">\n                                                        <div class=\"tb-column-inner tf_box tf_w\">\n                        <!-- module text -->\n<div  class=\"module module-text tb_yn13772  repeat \" data-lazy=\"1\">\n        <div  class=\"tb_text_wrap\">\n    <h3>Kontakt info<\/h3>    <\/div>\n<\/div>\n<!-- \/module text --><!-- module icon -->\n<div  class=\"module module-icon tb_2k03549  normal circle icon_vertical \" data-lazy=\"1\">\n        <div class=\"module-icon-item\">\n\t    \t\t\t\t\t\t    <em class=\"tf_box\"><svg  class=\"tf_fa tf-ti-location-pin\" aria-hidden=\"true\"><use href=\"#tf-ti-location-pin\"><\/use><\/svg><\/em>\n\t\t\t\t\t\t    \t    \t    <span>V. O. Kameni 26, 22400 Ruma<\/span>\n\t\t    \t\t\t\t        <\/div>\n\t        <div class=\"module-icon-item\">\n\t    \t\t\t\t\t\t    <em class=\"tf_box\"><svg  class=\"tf_fa tf-ti-mobile\" aria-hidden=\"true\"><use href=\"#tf-ti-mobile\"><\/use><\/svg><\/em>\n\t\t\t\t\t\t    \t    \t    <span>00381 63 212 572<\/span>\n\t\t    \t\t\t\t        <\/div>\n\t        <div class=\"module-icon-item\">\n\t    \t\t\t\t\t\t    <em class=\"tf_box\"><svg  class=\"tf_fa tf-ti-email\" aria-hidden=\"true\"><use href=\"#tf-ti-email\"><\/use><\/svg><\/em>\n\t\t\t\t\t\t    \t    \t    <span>admin@gangel.in.rs<\/span>\n\t\t    \t\t\t\t        <\/div>\n\t<\/div>\n<!-- \/module icon -->\n                    <\/div><!-- .tb-column-inner -->\n                            <\/div><!-- .module_column -->\n                        <div  data-lazy=\"1\" class=\"module_column sub_column col4-2 tb_pn90283 last\">\n                                                        <div class=\"tb-column-inner tf_box tf_w\">\n                        <!-- module icon -->\n<div  class=\"module module-icon tb_sm4z261  normal circle icon_vertical \" data-lazy=\"1\">\n        <div class=\"module-icon-item\">\n\t    \t\t<a href=\"https:\/\/facebook.com\/themify\">\n\t    \t\t\t\t\t\t    <em class=\"tf_box\"><svg  class=\"tf_fa tf-ti-facebook\" aria-hidden=\"true\"><use href=\"#tf-ti-facebook\"><\/use><\/svg><\/em>\n\t\t\t\t\t\t    \t    \t    <span>Facebook<\/span>\n\t\t    \t\t\t\t\t\t<\/a>\n\t\t        <\/div>\n\t        <div class=\"module-icon-item\">\n\t    \t\t<a href=\"https:\/\/twitter.com\/themify\">\n\t    \t\t\t\t\t\t    <em class=\"tf_box\"><svg  class=\"tf_fa tf-ti-twitter-alt\" aria-hidden=\"true\"><use href=\"#tf-ti-twitter-alt\"><\/use><\/svg><\/em>\n\t\t\t\t\t\t    \t    \t    <span>Twitter<\/span>\n\t\t    \t\t\t\t\t\t<\/a>\n\t\t        <\/div>\n\t        <div class=\"module-icon-item\">\n\t    \t\t<a href=\"https:\/\/www.youtube.com\/user\/themifyme\">\n\t    \t\t\t\t\t\t    <em class=\"tf_box\"><svg  class=\"tf_fa tf-ti-youtube\" aria-hidden=\"true\"><use href=\"#tf-ti-youtube\"><\/use><\/svg><\/em>\n\t\t\t\t\t\t    \t    \t    <span>YouTube<\/span>\n\t\t    \t\t\t\t\t\t<\/a>\n\t\t        <\/div>\n\t        <div class=\"module-icon-item\">\n\t    \t\t<a href=\"https:\/\/www.linkedin.com\/company\/themify\/\">\n\t    \t\t\t\t\t\t    <em class=\"tf_box\"><svg  class=\"tf_fa tf-ti-instagram\" aria-hidden=\"true\"><use href=\"#tf-ti-instagram\"><\/use><\/svg><\/em>\n\t\t\t\t\t\t    \t    \t    <span>Instagram<\/span>\n\t\t    \t\t\t\t\t\t<\/a>\n\t\t        <\/div>\n\t<\/div>\n<!-- \/module icon -->\n                    <\/div><!-- .tb-column-inner -->\n                            <\/div><!-- .module_column -->\n            \t    <\/div><!-- .subrow_inner -->\n\t<\/div><!-- .themify_builder_sub_row -->\n\t                    <\/div><!-- .tb-column-inner -->\n                            <\/div><!-- .module_column -->\n                        <div  data-lazy=\"1\" class=\"module_column tb-column col3-1 tb_avwr365 last\">\n                                                        <div class=\"tb-column-inner tf_box tf_w\">\n                        <!-- module image -->\n<div  class=\"module module-image tb_1nl1454   image-center tf_mw\" data-lazy=\"1\" data-lax-translate-y=\"(vh*1) 0,(vh*0) -140\" data-lax=\"true\">\n        <div class=\"image-wrap tf_rel tf_mw\">\n\t\t    <img loading=\"lazy\" decoding=\"async\" src=\"http:\/\/gangel.in.rs\/wp-content\/uploads\/2022\/12\/kontakt.jpg\" width=\"363\" height=\"383\" title=\"Kontakt\" alt=\"Kontakt\">\t\n\t\t<\/div>\n\t<!-- \/image-wrap -->\n    \n    \t<\/div>\n<!-- \/module image -->                    <\/div><!-- .tb-column-inner -->\n                            <\/div><!-- .module_column -->\n            \t    <\/div><!-- .row_inner -->\n\t<\/div><!-- .module_row -->\n\t\t\t\t<!-- module_row -->\n\t<div  data-css_id=\"o8lu418\" data-lazy=\"1\" class=\"module_row themify_builder_row fullwidth tb_o8lu418 tf_w tf_clearfix\">\n\t    \t\t\t<div class=\"row_inner col_align_top tb_col_count_1 tf_box tf_rel\">\n\t\t            <div  data-lazy=\"1\" class=\"module_column tb-column tb_5ieu468 first\">\n                                                <\/div><!-- .module_column -->\n            \t    <\/div><!-- .row_inner -->\n\t<\/div><!-- .module_row -->\n\t\t\t\t<!-- module_row -->\n\t<div  data-anchor=\"contact-form\" data-css_id=\"dwce445\" data-lazy=\"1\" class=\"module_row themify_builder_row fullwidth_row_container tb_has_section tb_section-contact-form tb_dwce445 tf_w tf_clearfix\">\n\t    \t\t\t<div class=\"row_inner col_align_top tb_col_count_1 tf_box tf_rel\">\n\t\t            <div  data-lazy=\"1\" class=\"module_column tb-column col-full tb_sw1o446 first\">\n                                                        <div class=\"tb-column-inner tf_box tf_w\">\n                        <!-- module text -->\n<div  class=\"module module-text tb_jxpg446   \" data-lazy=\"1\">\n        <div  class=\"tb_text_wrap\">\n    <h2>Ostanimo u kontaktu!<\/h2>    <\/div>\n<\/div>\n<!-- \/module text -->\t<div  data-lazy=\"1\" class=\"module_subrow themify_builder_sub_row tb_8lot215 tf_w tf_clearfix\">\n\t    \t\t\t<div class=\"subrow_inner col_align_top tb_col_count_1 tf_box tf_w\">\n\t\t            <div  data-lazy=\"1\" class=\"module_column sub_column col-full tb_5q1e215 first\">\n                                                        <div class=\"tb-column-inner tf_box tf_w\">\n                        <!-- module widget -->\n<div  class=\"module module-widget tb_0br7601  \" data-lazy=\"1\">\n\t<div class=\"widget wpforms-widget\"><div class=\"wpforms-container wpforms-container-full\" id=\"wpforms-213\"><form id=\"wpforms-form-213\" class=\"wpforms-validate wpforms-form wpforms-ajax-form\" data-formid=\"213\" method=\"post\" enctype=\"multipart\/form-data\" action=\"\/index.php\/wp-json\/wp\/v2\/pages\/9\" data-token=\"6546fae18728d67528898d1478294eb0\"><div class=\"wpforms-head-container\"><div class=\"wpforms-title\">Kontakt forma<\/div><\/div><noscript class=\"wpforms-error-noscript\">Please enable JavaScript in your browser to complete this form.<\/noscript><div class=\"wpforms-field-container\"><div id=\"wpforms-213-field_0-container\" class=\"wpforms-field wpforms-field-name\" data-field-id=\"0\"><label class=\"wpforms-field-label\" for=\"wpforms-213-field_0\">Ime i prezime <span class=\"wpforms-required-label\">*<\/span><\/label><div class=\"wpforms-field-row wpforms-field-large\"><div class=\"wpforms-field-row-block wpforms-first wpforms-one-half\"><input type=\"text\" id=\"wpforms-213-field_0\" class=\"wpforms-field-name-first wpforms-field-required\" name=\"wpforms[fields][0][first]\" placeholder=\"Va\u0161e ime\" required><label for=\"wpforms-213-field_0\" class=\"wpforms-field-sublabel after wpforms-sublabel-hide\">First<\/label><\/div><div class=\"wpforms-field-row-block wpforms-one-half\"><input type=\"text\" id=\"wpforms-213-field_0-last\" class=\"wpforms-field-name-last wpforms-field-required\" name=\"wpforms[fields][0][last]\" placeholder=\"Va\u0161e prezime\" required><label for=\"wpforms-213-field_0-last\" class=\"wpforms-field-sublabel after wpforms-sublabel-hide\">Last<\/label><\/div><\/div><\/div><div id=\"wpforms-213-field_1-container\" class=\"wpforms-field wpforms-field-email\" data-field-id=\"1\"><label class=\"wpforms-field-label\" for=\"wpforms-213-field_1\">Va\u0161 email <span class=\"wpforms-required-label\">*<\/span><\/label><input type=\"email\" id=\"wpforms-213-field_1\" class=\"wpforms-field-large wpforms-field-required\" name=\"wpforms[fields][1]\" required><\/div><div id=\"wpforms-213-field_2-container\" class=\"wpforms-field wpforms-field-textarea\" data-field-id=\"2\"><label class=\"wpforms-field-label\" for=\"wpforms-213-field_2\">Va\u0161a poruka<\/label><textarea id=\"wpforms-213-field_2\" class=\"wpforms-field-small\" name=\"wpforms[fields][2]\" ><\/textarea><\/div><\/div><div class=\"wpforms-submit-container\"><input type=\"hidden\" name=\"wpforms[id]\" value=\"213\"><input type=\"hidden\" name=\"wpforms[author]\" value=\"1\"><button type=\"submit\" name=\"wpforms[submit]\" id=\"wpforms-submit-213\" class=\"wpforms-submit\" data-alt-text=\"\u0160alje se....\" data-submit-text=\"Po\u0161alji\" aria-live=\"assertive\" value=\"wpforms-submit\">Po\u0161alji<\/button><img loading=\"lazy\" decoding=\"async\" src=\"https:\/\/gangel.in.rs\/wp-content\/plugins\/wpforms-lite\/assets\/images\/submit-spin.svg\" class=\"wpforms-submit-spinner\" style=\"display: none;\" width=\"26\" height=\"26\" alt=\"Loading\"><\/div><\/form><\/div>  <!-- .wpforms-container --><\/div><\/div>\n<!-- \/module widget -->\n                    <\/div><!-- .tb-column-inner -->\n                            <\/div><!-- .module_column -->\n            \t    <\/div><!-- .subrow_inner -->\n\t<\/div><!-- .themify_builder_sub_row -->\n\t                    <\/div><!-- .tb-column-inner -->\n                            <\/div><!-- .module_column -->\n            \t    <\/div><!-- .row_inner -->\n\t<\/div><!-- .module_row -->\n\t<\/div>\n<!--\/themify_builder_content-->","protected":false},"excerpt":{"rendered":"<p>Kontakt Nemojte biti stidljivi. Odli\u010dan sam slu\u0161alac. Uspostavimo vezu. Sve po\u010dinje negde.<\/p>\n","protected":false},"author":1,"featured_media":0,"parent":0,"menu_order":0,"comment_status":"closed","ping_status":"closed","template":"","meta":{"footnotes":""},"class_list":["post-9","page","type-page","status-publish","hentry","has-post-title","has-post-date","has-post-category","has-post-tag","has-post-comment","has-post-author",""],"builder_content":"<h1>Kontakt<\/h1> <p>Nemojte biti stidljivi. Odli\u010dan sam slu\u0161alac. Uspostavimo vezu. Sve po\u010dinje negde.<\/p>\n<a href=\"#contact-form\" > Kontakt <\/a>\n<img src=\"https:\/\/gangel.in.rs\/wp-content\/uploads\/2022\/12\/arrow-down-32x82-1-32x82.png\" width=\"32\" height=\"82\" title=\"arrow-down-32x82-1\" alt=\"arrow-down-32x82-1\">\n<img src=\"https:\/\/gangel.in.rs\/wp-content\/uploads\/2022\/12\/cotact-phone-image-824x540.jpg\" width=\"824\" height=\"540\" title=\"cotact-phone-image\" alt=\"cotact-phone-image\" srcset=\"https:\/\/gangel.in.rs\/wp-content\/uploads\/2022\/12\/cotact-phone-image.jpg 824w, https:\/\/gangel.in.rs\/wp-content\/uploads\/2022\/12\/cotact-phone-image-300x197.jpg 300w, https:\/\/gangel.in.rs\/wp-content\/uploads\/2022\/12\/cotact-phone-image-768x503.jpg 768w\" sizes=\"(max-width: 824px) 100vw, 824px\" \/>\n<h3>Kontakt info<\/h3>\n<em><svg aria-hidden=\"true\"><use href=\"#tf-ti-location-pin\"><\/use><\/svg><\/em> V. O. Kameni 26, 22400 Ruma <em><svg aria-hidden=\"true\"><use href=\"#tf-ti-mobile\"><\/use><\/svg><\/em> 00381 63 212 572 <em><svg aria-hidden=\"true\"><use href=\"#tf-ti-email\"><\/use><\/svg><\/em> admin@gangel.in.rs\n<a href=\"https:\/\/facebook.com\/themify\"> <em><svg aria-hidden=\"true\"><use href=\"#tf-ti-facebook\"><\/use><\/svg><\/em> Facebook <\/a> <a href=\"https:\/\/twitter.com\/themify\"> <em><svg aria-hidden=\"true\"><use href=\"#tf-ti-twitter-alt\"><\/use><\/svg><\/em> Twitter <\/a> <a href=\"https:\/\/www.youtube.com\/user\/themifyme\"> <em><svg aria-hidden=\"true\"><use href=\"#tf-ti-youtube\"><\/use><\/svg><\/em> YouTube <\/a> <a href=\"https:\/\/www.linkedin.com\/company\/themify\/\"> <em><svg aria-hidden=\"true\"><use href=\"#tf-ti-instagram\"><\/use><\/svg><\/em> Instagram <\/a>\n<img src=\"http:\/\/gangel.in.rs\/wp-content\/uploads\/2022\/12\/kontakt.jpg\" width=\"363\" height=\"383\" title=\"Kontakt\" alt=\"Kontakt\">\n<h2>Ostanimo u kontaktu!<\/h2>\n<form id=\"wpforms-form-213\" data-formid=\"213\" method=\"post\" enctype=\"multipart\/form-data\" action=\"\/index.php\/wp-json\/wp\/v2\/pages\/9\" data-token=\"6546fae18728d67528898d1478294eb0\">Kontakt forma<noscript>Please enable JavaScript in your browser to complete this form.<\/noscript><label for=\"wpforms-213-field_0\">Ime i prezime *<\/label><input type=\"text\" id=\"wpforms-213-field_0\" name=\"wpforms[fields][0][first]\" placeholder=\"Va\u0161e ime\" required><label for=\"wpforms-213-field_0\">First<\/label><input type=\"text\" id=\"wpforms-213-field_0-last\" name=\"wpforms[fields][0][last]\" placeholder=\"Va\u0161e prezime\" required><label for=\"wpforms-213-field_0-last\">Last<\/label><label for=\"wpforms-213-field_1\">Va\u0161 email *<\/label><input type=\"email\" id=\"wpforms-213-field_1\" name=\"wpforms[fields][1]\" required><label for=\"wpforms-213-field_2\">Va\u0161a poruka<\/label><textarea id=\"wpforms-213-field_2\" name=\"wpforms[fields][2]\" ><\/textarea><input type=\"hidden\" name=\"wpforms[id]\" value=\"213\"><input type=\"hidden\" name=\"wpforms[author]\" value=\"1\"><button type=\"submit\" name=\"wpforms[submit]\" id=\"wpforms-submit-213\" data-alt-text=\"\u0160alje se....\" data-submit-text=\"Po\u0161alji\" aria-live=\"assertive\" value=\"wpforms-submit\">Po\u0161alji<\/button><img src=\"https:\/\/gangel.in.rs\/wp-content\/plugins\/wpforms-lite\/assets\/images\/submit-spin.svg\" style=\"display: none;\" width=\"26\" height=\"26\" alt=\"Loading\"><\/form>","_links":{"self":[{"href":"https:\/\/gangel.in.rs\/index.php\/wp-json\/wp\/v2\/pages\/9","targetHints":{"allow":["GET"]}}],"collection":[{"href":"https:\/\/gangel.in.rs\/index.php\/wp-json\/wp\/v2\/pages"}],"about":[{"href":"https:\/\/gangel.in.rs\/index.php\/wp-json\/wp\/v2\/types\/page"}],"author":[{"embeddable":true,"href":"https:\/\/gangel.in.rs\/index.php\/wp-json\/wp\/v2\/users\/1"}],"replies":[{"embeddable":true,"href":"https:\/\/gangel.in.rs\/index.php\/wp-json\/wp\/v2\/comments?post=9"}],"version-history":[{"count":17,"href":"https:\/\/gangel.in.rs\/index.php\/wp-json\/wp\/v2\/pages\/9\/revisions"}],"predecessor-version":[{"id":232,"href":"https:\/\/gangel.in.rs\/index.php\/wp-json\/wp\/v2\/pages\/9\/revisions\/232"}],"wp:attachment":[{"href":"https:\/\/gangel.in.rs\/index.php\/wp-json\/wp\/v2\/media?parent=9"}],"curies":[{"name":"wp","href":"https:\/\/api.w.org\/{rel}","templated":true}]}}